(base 11) to base 8
533635
What is 300055031 (base 6) in base 12?
1834477
What is -49199 (base 12) in base 10?
-98757
10110001010010100 (base 2) to base 7
525433
14123041 (base 5) to base 6
3041044
25377161 (base 8) to base 14
a69b7b
2747801 (base 9) to base 11
940170
-233310223 (base 4) to base 15
-3d08d
Convert 30323 (base 10) to base 16.
7673
What is -2241540 (base 6) in base 9?
-184016
34582 (base 9) to base 10
23078
What is -26517347 (base 8) in base 2?
-10110101001111011100111
Convert 222311013330 (base 4) to base 7.
164301441
What is 10424042 (base 5) in base 3?
11200202010
44422 (base 8) to base 15
5821
Convert -3010002221 (base 4) to base 12.
-328835
What is -10112122012 (base 3) in base 10?
-69719
Convert -143b2e (base 16) to base 13.
-375650
What is -1131433 (base 9) in base 6?
-21033520
What is -4655711 (base 10) in base 8?
-21605137
What is -87090 (base 11) in base 10?
-126544
13416 (base 8) to base 7
23131
22113140 (base 5) to base 12
92b06
Convert -3aeff (base 16) to base 6.
-5101343
What is 25460617 (base 8) in base 12?
1a900bb
395c0 (base 16) to base 9
387248
What is -1543513 (base 6) in base 12?
-44b99
What is 1625262 (base 8) in base 16?
72ab2
What is 1565450 (base 7) in base 14?
59660
14aa56 (base 15) to base 14
1bd988
What is -1261246 (base 7) in base 11?
-103910
Convert a0072 (base 11) to base 3.
21102221112
What is 30233100012 (base 4) in base 11?
1980930
What is 1096991 (base 10) in base 3?
2001201210022
212003022 (base 4) to base 12
76236
What is -581472 (base 11) in base 2?
-11100001101001110101
What is 201000010201 (base 3) in base 15?
75c87
What is 1000100011000001000 (base 2) in base 14?
740d2
What is 40100101 (base 5) in base 4?
1031010003
-3144440 (base 6) to base 7
-1210602
What is 403635 (base 9) in base 15?
4abbb
What is 82400 (base 13) in base 7?
1661633
What is 1211110220200 (base 3) in base 9?
1743820
20327335 (base 8) to base 4
100122323131
What is -101101111101000 (base 2) in base 11?
-1674a
What is -101111001101111111101110 (base 2) in base 12?
-418b2ba
What is -11998185 (base 10) in base 3?
-211120120102020
-1200111100010 (base 3) to base 16
-da9e2
13739 (base 11) to base 7
110630
23163430 (base 7) to base 2
111110000001101101100
What is -110200211021 (base 3) in base 6?
-5205011
Convert -6473063 (base 8) to base 2.
-110100111011000110011
What is 2367417 (base 9) in base 3?
2102021110121
-7307416 (base 8) to base 14
-385d70
Convert 112131232 (base 4) to base 2.
10110011101101110
What is -12201545 (base 6) in base 16?
-5f069
What is 11460d (base 14) in base 6?
20340033
-34123a (base 11) to base 13
-1603cb
2891b8 (base 13) to base 3
1212100121220
-16fda1 (base 16) to base 9
-2745744
What is -2021111002 (base 3) in base 6?
-543302
What is -123641645 (base 7) in base 16?
-782d6e
What is -137a1a (base 16) in base 13?
-358cbb
Convert -34201561 (base 7) to base 12.
-bb5aba
10271655 (base 8) to base 10
2192301
Convert a4a415 (base 13) to base 15.
510a5d
Convert -4014444 (base 7) to base 4.
-1303313211
What is 2d667 (base 15) in base 12?
709a4
Convert -56d990 (base 14) to base 16.
-2d1f7a
Convert 121111210102022 (base 3) to base 11.
4a534a3
Convert 12220432 (base 5) to base 12.
57854
What is 364456 (base 9) in base 7?
1603554
What is 1103113120 (base 4) in base 11?
213602
-131101310031 (base 4) to base 15
-a191b9
1032004141 (base 5) to base 13
5c91c1
What is -478740 (base 10) in base 9?
-808633
Convert 102123433 (base 6) to base 14.
346285
6761463 (base 8) to base 10
1827635
Convert 12313642 (base 7) to base 13.
2cc7b8
Convert -221302331 (base 4) to base 15.
-35ad2
What is c5928 (base 15) in base 6?
21232102
What is 10122100201 (base 3) in base 9?
118321
Convert -5553513 (base 6) to base 15.
-57c1c
What is -1588882 (base 11) in base 6?
-133554054
Convert 301b53 (base 13) to base 4.
10100330303
Convert -1d96a (base 14) to base 11.
-52072
8411502 (base 9) to base 5
2122323141
Convert 1000011101101100000 (base 2) to base 15.
57299
-93c44 (base 13) to base 3
-111111111122
-10101111011101010011101 (base 2) to base 13
-1263c1c
-10440130303 (base 5) to base 14
-17920bd
3325455 (base 6) to base 8
506353
Convert -10000110001011000 (base 2) to base 15.
-1554b
Convert -4e04c (base 15) to base 9.
-420620
Convert -14401224 (base 6) to base 13.
-145873
Convert -1015387 (base 10) to base 13.
-297229
Convert -15030a (base 11) to base 9.
-386758
Convert -343203321 (base 6) to base 5.
-3104034011
Convert 42444222 (base 5) to base 4.
1113232100
Convert -22021011 (base 3) to base 4.
-1132021
What is -13043321 (base 5) in base 13?
-46322
What is -9454b (base 14) in base 6?
-11400155
199969 (base 12) to base 10
452385
Convert -10011222101 (base 3) to base 13.
-226b4
11420321100 (base 5) to base 16
cd3453
What is -203d6 (base 15) in base 13?
-3763b
What is -1634245 (base 9) in base 2?
-11011101110011111001
Convert 31303103230 (base 4) to base 9.
6724001
Convert 1c27b6 (base 13) to base 9.
1316273
Convert 7677420 (base 8) to base 9.
3785423
-112303321 (base 4) to base 3
-11202011111
What is -2133544 (base 6) in base 14?
-2a7d6
-503012534 (base 6) to base 14
-11c4346
Convert 48845a (base 12) to base 14.
228658
228408 (base 16) to base 13
61279b
What is -6650a9 (base 14) in base 8?
-15173715
Convert -312610412 (base 7) to base 11.
-a466871
What is -110121032122 (base 4) in base 11?
-3021754
2362a92 (base 11) to base 4
33231121032
Convert -51bbb (base 12) to base 3.
-12102221222
What is 57a962 (base 11) in base 7?
10560441
-3276a11 (base 11) to base 12
-1b12800
203c7c (base 13) to base 10
751308
-1011201220221 (base 3) to base 13
-18b458
-10442230300 (base 5) to base 13
-255c4b4
11110054 (base 6) to base 11
20a240
What is -103210312233 (base 4) in base 9?
-10581323
2413342203 (base 5) to base 10
5605928
402220032 (base 5) to base 10
1601267
11100110010010010 (base 2) to base 11
80648
404518 (base 10) to base 8
1426046
What is 605554 (base 8) in base 3?
101010201002
Convert -1922428 (base 10) to base 16.
-1d557c
Convert -261ba8 (base 12) to base 3.
-1011210001102
-164430 (base 11) to base 9
-427382
-914c (base 13) to base 5
-1120011
Convert -67cfb (base 16) to base 4.
-1213303323
Convert -71854 (base 9) to base 12.
-234a1
What is -74880 (base 11) in base 8?
-324503
What is 4353451 (base 7) in base 10?
534283
What is -8356 (base 9) in base 13?
-2a33
What is -382c04 (base 13) in base 11?
-841406
Convert 448094 (base 16) to base 5.
2122124424
What is -7a8543 (base 12) in base 15?
-28bcd9
Convert -1c7dcc (base 16) to base 12.
-760690
a5dcc (base 16) to base 13
1aa2c5
What is a262a4 (base 11) in base 9?
3081730
What is 1117170 (base 8) in base 16?
49e78
Convert 225779 (base 10) to base 16.
371f3
-d0a25 (base 14) to base 12
-2021b5
Convert 303011220 (base 4) to base 3.
101122001020
Convert -953173 (base 10) to base 12.
-39b731
What is -41770 (base 10) in base 9?
-63261
What is 9c77e6 (base 15) in base 12?
2601423
c1729 (base 13) to base 6
11230311
What is -131201212 (base 4) in base 3?
-20010220001
What is -11133245 (base 7) in base 11?
-600051
What is -2894212 (base 10) in base 7?
-33412636
Convert -1169b3 (base 12) to base 4.
-1010230113
What is 26ff1b (base 16) in base 4?
21233330123
What is -2110010222 (base 3) in base 16?
-bc5d
Convert -20221102111020 (base 3) to base 8.
-16045211
Convert -7aa38 (base 12) to base 4.
-220001030
What is 1473336 (base 8) in base 14?
b0566
What is 2b97 (base 16) in base 8?
25627
Convert 50302544 (base 6) to base 13.
3aacc5
Convert -153038 (base 9) to base 10.
-94076
10044420100 (base 5) to base 10
10154400
-1c8b2 (base 15) to base 14
-25cd6
Convert -102103312 (base 4) to base 9.
-123781
What is 54801 (base 13) in base 7?
1204623
What is 9b90d (base 16) in base 15?
c8bec
What is 620147 (base 8) in base 11?
12aa46
902b9 (base 13) to base 9
432244
What is -772c (base 14) in base 4?
-11002030
What is -1909550 (base 11) in base 16?
-31577b
What is 233414404 (base 5) in base 2?
100000110110000000101
What is 242349 (base 13) in base 15?
12052c
What is -674698 (base 11) in base 14?
-1dda62
Convert 1110100110001010001111 (base 2) to base 6.
214002235
Convert 118c25 (base 14) to base 3.
1010111211121
-1125031 (base 6) to base 5
-3324443
What is 550161 (base 7) in base 13?
349aa
Convert -145223202 (base 6) to base 8.